{"id":747,"date":"2018-09-02T11:43:19","date_gmt":"2018-09-02T10:43:19","guid":{"rendered":"http:\/\/wp.db-brandenburg.de\/?page_id=747"},"modified":"2019-11-23T08:08:19","modified_gmt":"2019-11-23T07:08:19","slug":"impressum","status":"publish","type":"page","link":"https:\/\/db-brandenburg.de\/?page_id=747","title":{"rendered":"Impressum"},"content":{"rendered":"<h2>Angaben gem\u00e4\u00df \u00a7 5 Telemediengesetz<\/h2>\n<p>Allgemeine Informationen<br \/>\nName und Anschrift<\/p>\n<p>Norbert Henkel<br \/>\nLaplacering 3<br \/>\n14480 Potsdam<br \/>\nwebmaster@db-brandenburg.de<br \/>\nTelefon: Da ich die Seite rein privat betreibe, gebe ich keine Telefonnummer an.<br \/>\n<a href=\"https:\/\/db-brandenburg.de\/?page_id=741\">Datenschutzerkl\u00e4rung<\/a><\/p>\n<h2>Links auf meine Seiten<\/h2>\n<p>Selbstverst\u00e4ndlich ist es gern gesehen, wenn Sie meine Homepage auf Ihrer Seite verlinken. Voraussetzung ist jedoch eine kleine Benachrichtigung an mich.<\/p>\n<h2>Domains<\/h2>\n<ul>\n<li>db-brandenburg.de<\/li>\n<\/ul>\n<h2>Links zu anderen Seiten<\/h2>\n<p>Alle von mir pers\u00f6nlich gesetzten Links auf meinen Seiten sind als Empfehlung zu werten. Ich verlinke Seiten, um Ihnen weiterf\u00fchrende Informationen zu bestimmten Themen anzubieten oder um Ihnen empfehlenswerte Artikel zug\u00e4nglich zu machen. Davon ausgenommen sind Links,<\/p>\n<ul>\n<li>die von Dritten innerhalb von Kommentaren aufgef\u00fchrt werden,<\/li>\n<li>die ich im Kontext ausdr\u00fccklich anders kommentiere<\/li>\n<\/ul>\n<p>Es kann passieren, dass die referenzierten Inhalte sich ohne meinem Wissen \u00e4ndern. Im Impressum des Berliner Beauftragten f\u00fcr Datenschutz und Akteneinsicht steht, dass ich f\u00fcr fremde Inhalte nur dann zu verantworten sei, wenn ich von ihnen (das hei\u00dft auch von einem rechtswidrigen bzw. strafbaren Inhalt) positive Kenntnis habe und es mir technisch m\u00f6glich und zumutbar ist, deren Nutzung zu verhindern. Es ist jedoch nicht zumutbar, dass ich alle Links auf meinen Seiten st\u00e4ndig danach kontrolliere, ob sie sich noch in dem Zustand befinden, in dem sie waren, als ich einen Link darauf gesetzt habe. Wenn Sie also das Gef\u00fchl haben, dass ein Link auf meinen Seiten zivilrechtliche oder strafrechtliche Verantwortlichkeit ausl\u00f6st, dann geben Sie mir bitte Bescheid, damit ich diesen Link pr\u00fcfen und ggf. entfernen kann. <\/p>\n","protected":false},"excerpt":{"rendered":"<p>Angaben gem\u00e4\u00df \u00a7 5 Telemediengesetz Allgemeine Informationen Name und Anschrift Norbert Henkel Laplacering 3 14480 Potsdam webmaster@db-brandenburg.de Telefon: Da ich die Seite rein privat betreibe, gebe ich keine Telefonnummer an. Datenschutzerkl\u00e4rung Links auf meine Seiten Selbstverst\u00e4ndlich ist es gern gesehen, wenn Sie meine Homepage auf Ihrer Seite verlinken. Voraussetzung ist jedoch eine kleine Benachrichtigung an &hellip; <\/p>\n<p class=\"link-more\"><a href=\"https:\/\/db-brandenburg.de\/?page_id=747\" class=\"more-link\"><span class=\"screen-reader-text\">\u201eImpressum\u201c <\/span>weiterlesen<\/a><\/p>\n","protected":false},"author":1,"featured_media":0,"parent":0,"menu_order":0,"comment_status":"closed","ping_status":"closed","template":"","meta":{"footnotes":""},"class_list":["post-747","page","type-page","status-publish","hentry"],"_links":{"self":[{"href":"https:\/\/db-brandenburg.de\/index.php?rest_route=\/wp\/v2\/pages\/747","targetHints":{"allow":["GET"]}}],"collection":[{"href":"https:\/\/db-brandenburg.de\/index.php?rest_route=\/wp\/v2\/pages"}],"about":[{"href":"https:\/\/db-brandenburg.de\/index.php?rest_route=\/wp\/v2\/types\/page"}],"author":[{"embeddable":true,"href":"https:\/\/db-brandenburg.de\/index.php?rest_route=\/wp\/v2\/users\/1"}],"replies":[{"embeddable":true,"href":"https:\/\/db-brandenburg.de\/index.php?rest_route=%2Fwp%2Fv2%2Fcomments&post=747"}],"version-history":[{"count":7,"href":"https:\/\/db-brandenburg.de\/index.php?rest_route=\/wp\/v2\/pages\/747\/revisions"}],"predecessor-version":[{"id":1297,"href":"https:\/\/db-brandenburg.de\/index.php?rest_route=\/wp\/v2\/pages\/747\/revisions\/1297"}],"wp:attachment":[{"href":"https:\/\/db-brandenburg.de\/index.php?rest_route=%2Fwp%2Fv2%2Fmedia&parent=747"}],"curies":[{"name":"wp","href":"https:\/\/api.w.org\/{rel}","templated":true}]}}