{"id":720,"date":"2018-08-25T17:55:52","date_gmt":"2018-08-25T16:55:52","guid":{"rendered":"http:\/\/wp.db-brandenburg.de\/?page_id=720"},"modified":"2023-01-09T16:34:53","modified_gmt":"2023-01-09T15:34:53","slug":"literatur","status":"publish","type":"page","link":"https:\/\/db-brandenburg.de\/?page_id=720","title":{"rendered":"Literatur"},"content":{"rendered":"<p><strong>B\u00fccher zu und aus Brandenburg f\u00fcr den Familienforscher<\/strong><br \/>\n<\/br><\/br><\/p>\n<ul>\n<li><a href=\"http:\/\/books.google.de\/books?id=ibZLAAAAYAAJ&amp;amp;pg=PR5&amp;amp;dq=Landbuch+Pommern&amp;amp;lr=&amp;amp;as_brr=1&amp;amp;ei=XKXcS5KiJKL4yASRsqitCQ&amp;amp;cd=4#v=onepage&amp;amp;q&amp;amp;f=false\" target=\"_blank\" rel=\"noopener\">Landbuch des Churf\u00fcrstenthums und der Mark Branendburg, welches Kayser Carl IV. k\u00f6nig von B\u00f6hmen und marggraf zu Brandenburg, im jahr 1375. anfertigen lassen: wie auch das register des landschosses einiger creise der churmark vom jahr 1451<\/a><\/li>\n<li>Berghaus, Heinrich Karl Wilhelm (1797-1884): Landbuch der Mark Brandenburg und des Markgrafthums Nieder-Lausitz in der Mitte des 19. Jahrhunderts: oder geographisch-historisch-statistische Beschreibung der Provinz Brandenburg\n<ul>\n<li><a href=\"http:\/\/books.google.com\/books?id=0XUOAAAAYAAJ&amp;amp;dq=intitle:Landbuch&amp;amp;source=gbs_navlinks_s\" target=\"_blank\" rel=\"noopener\">Band 1<\/a><\/li>\n<li><a href=\"http:\/\/books.google.com\/books?id=o3YOAAAAYAAJ&amp;amp;dq=editions:HARVARD32044098652498&amp;amp;source=gbs_navlinks_s\" target=\"_blank\" rel=\"noopener\">Band 2<\/a><\/li>\n<\/ul>\n<\/li>\n<li>Raumer, Georg Wilhelm von: Codex diplomaticus Brandenburgensis continuatus: Sammlung ungedruckter Urkunden zur brandenburgischen Geschichte\n<ul>\n<li><a href=\"http:\/\/books.google.de\/books?id=VRsEAAAAYAAJ&amp;amp;pg=PR3#v=onepage&amp;amp;q&amp;amp;f=false\" target=\"_blank\" rel=\"noopener\">Teil 1<\/a> 1831<\/li>\n<\/ul>\n<\/li>\n<li><a href=\"?page_id=723\">Riedel, Adolph Friedrich: Codex diplomaticus Brandenburgensis: Sammlung der Urkunden, Chroniken und sonstigen Quellenschriften f\u00fcr die Geschichte der Mark Brandenburg und ihrer Regenten<\/a><\/li>\n<li>Genealogisches Handbuch b\u00fcrgerlicher Familien\n<ul>\n<li>Band 111: <a href=\"http:\/\/fbc.pionier.net.pl\/id\/oai:mbc.cyfrowemazowsze.pl:publication:3866\" target=\"_blank\" rel=\"noopener\">Brandenburgisches Geschlechterbuch. 1. Bd.<\/a>, C. A. Starke, G\u00f6rlitz, 1941<\/li>\n<\/ul>\n<\/li>\n<li><a href=\"?page_id=729\">M\u00e4rkische Forschungen<\/a><\/li>\n<\/ul>\n","protected":false},"excerpt":{"rendered":"<p>B\u00fccher zu und aus Brandenburg f\u00fcr den Familienforscher Landbuch des Churf\u00fcrstenthums und der Mark Branendburg, welches Kayser Carl IV. k\u00f6nig von B\u00f6hmen und marggraf zu Brandenburg, im jahr 1375. anfertigen lassen: wie auch das register des landschosses einiger creise der churmark vom jahr 1451 Berghaus, Heinrich Karl Wilhelm (1797-1884): Landbuch der Mark Brandenburg und des &hellip; <\/p>\n<p class=\"link-more\"><a href=\"https:\/\/db-brandenburg.de\/?page_id=720\" class=\"more-link\"><span class=\"screen-reader-text\">\u201eLiteratur\u201c <\/span>weiterlesen<\/a><\/p>\n","protected":false},"author":2,"featured_media":0,"parent":0,"menu_order":0,"comment_status":"closed","ping_status":"closed","template":"","meta":{"footnotes":""},"class_list":["post-720","page","type-page","status-publish","hentry"],"_links":{"self":[{"href":"https:\/\/db-brandenburg.de\/index.php?rest_route=\/wp\/v2\/pages\/720","targetHints":{"allow":["GET"]}}],"collection":[{"href":"https:\/\/db-brandenburg.de\/index.php?rest_route=\/wp\/v2\/pages"}],"about":[{"href":"https:\/\/db-brandenburg.de\/index.php?rest_route=\/wp\/v2\/types\/page"}],"author":[{"embeddable":true,"href":"https:\/\/db-brandenburg.de\/index.php?rest_route=\/wp\/v2\/users\/2"}],"replies":[{"embeddable":true,"href":"https:\/\/db-brandenburg.de\/index.php?rest_route=%2Fwp%2Fv2%2Fcomments&post=720"}],"version-history":[{"count":4,"href":"https:\/\/db-brandenburg.de\/index.php?rest_route=\/wp\/v2\/pages\/720\/revisions"}],"predecessor-version":[{"id":2002,"href":"https:\/\/db-brandenburg.de\/index.php?rest_route=\/wp\/v2\/pages\/720\/revisions\/2002"}],"wp:attachment":[{"href":"https:\/\/db-brandenburg.de\/index.php?rest_route=%2Fwp%2Fv2%2Fmedia&parent=720"}],"curies":[{"name":"wp","href":"https:\/\/api.w.org\/{rel}","templated":true}]}}