{"id":2074,"date":"2023-03-13T17:54:23","date_gmt":"2023-03-13T16:54:23","guid":{"rendered":"https:\/\/db-brandenburg.de\/?page_id=2074"},"modified":"2025-09-25T10:21:10","modified_gmt":"2025-09-25T09:21:10","slug":"wie-kann-ich-mit-machen","status":"publish","type":"page","link":"https:\/\/db-brandenburg.de\/?page_id=2074","title":{"rendered":"Wir k\u00f6nnen Hilfe gebrauchen &#8211; Wie kann ich mitmachen ???"},"content":{"rendered":"<p><\/br><\/br><br \/>\nWir sind ein kleines Team, das im Rahmen seiner Freizeit hier versucht m\u00f6glichst viele ausgewertete Daten zur Verf\u00fcgung zur stellen. Die meisten von uns sind auch berufst\u00e4tig, so das es nicht immer einfach ist f\u00fcr unser Hobby Zeit zu finden.<br \/>\n<\/br><br \/>\nAus diesem Grund k\u00f6nnen wir auch immer weitere H\u00e4nde gebrauchen, die uns mit Ihrer Zeit bei unserer Arbeit unterst\u00fctzen. Zeitvorgaben f\u00fcr die einzelnen &#8222;Arbeitspakete&#8220; gibt es nat\u00fcrlich nicht. Die Auswertung der jeweiligen Daten erfolgt entweder online (direkt in der Datenbank auf einer separaten Webseite) oder mit Hilfe einer Tabelle (Excel, OpenOffice o. \u00e4.). Entsprechende Mustertabellen mit Beispielen stellen wir gerne bereit.<br \/>\n<\/br><br \/>\nNicht jedem liegt die Erfassung \/ Auswertung von Daten&#8230; Auch dann k\u00f6nnt ihr mit dem Einsenden von Fotos (Friedh\u00f6fen, Denkmalen, Stolpersteinen usw) helfen.<br \/>\n<\/br><br \/>\n<font style=\"color:darkblue; font-size:16px;\"> F\u00fcr alle Bereiche gilt: Bitte unbedingt vorher mit uns  per <a href=\"mailto:\/\/erfassung@db-brandenburg.de\">Mail<\/a> absprechen. Dies hilft Doppelarbeit zu vermeiden. <\/font><br \/>\n<\/br><\/p>\n<h3>Unterst\u00fctzung ben\u00f6tigen wir bei folgenden Projektteilen der Datenbank &#8230;<\/h3>\n<p><\/br><\/p>\n<h4>Adressb\u00fccher<\/h4>\n<ul>\n<li>Auswertung erfolgt in der Regel offline in Form einer Excel Tabelle<\/li>\n<li>Daten k\u00f6nnen bereit gestellt oder z.B. via <a href=\"https:\/\/ancestry.de\" rel=\"noopener\" target=\"_blank\">ancestry.de<\/a> ausgew\u00e4hlt werden<\/li>\n<li>Die Excel dann bitte einfach per <a href=\"mailto:\/\/erfassung@db-brandenburg.de\">Mail<\/a> an uns schicken<\/li>\n<li>B\u00fccher die uns noch nicht vorliegen k\u00f6nnen gern (im Rahmen der rechtlichen Voraussetzungen) digitalisiert bereit gestellt werden<\/li>\n<li><a href=\"https:\/\/db-brandenburg.de\/?page_id=806&#038;status=vorb\" rel=\"noopener\" target=\"_blank\" style=\"color:darkgreen; font-size:14px;\">\u00dcbersicht der zur Bearbeitung vorbereiteten Orte aus Adressb\u00fcchern<\/a><\/li>\n<li><a href=\"https:\/\/db-brandenburg.de\/?page_id=806\" rel=\"noopener\" target=\"_blank\" style=\"color:darkgreen; font-size:14px;\">zur Projektseite wechseln<\/a><\/li>\n<\/ul>\n<h4>Familienanzeigen<\/h4>\n<ul>\n<li>Auswertung erfolgt in der Regel online direkt in der Datenbank<\/li>\n<li>Scans von Zeitschriftenseiten die uns noch nicht vorliegen k\u00f6nnen gern (im Rahmen der rechtlichen Voraussetzungen) digitalisiert bereit gestellt werden<\/li>\n<li><a href=\"https:\/\/db-brandenburg.de\/?page_id=1821\" rel=\"noopener\" target=\"_blank\" style=\"color:darkgreen; font-size:14px;\">zur Projektseite wechseln<\/a><\/li>\n<\/ul>\n<h4>Grabsteine<\/h4>\n<ul>\n<li>Anfertigen von Fotos mit anschlie\u00dfender Auswertung (in Excel) oder Versand der digitalen Bilder an uns<\/li>\n<li>Bitte dazu die jeweilige Friedhofsseite beachten, Hier stehen Hinweise zu den bereits erfassten Personen und wo ggf. Daten auf den Bilder mal nicht lesbar waren. <\/li>\n<li><a href=\"https:\/\/db-brandenburg.de\/?page_id=1061&#038;pics=fail\" rel=\"noopener\" target=\"_blank\" style=\"color:darkgreen; font-size:14px;\">\u00dcbersicht der Friedh\u00f6fe zu denen uns Bilder fehlen<\/a><\/li>\n<li><a href=\"https:\/\/db-brandenburg.de\/?page_id=1061\" rel=\"noopener\" target=\"_blank\" style=\"color:darkgreen; font-size:14px;\">zur Projektseite wechseln<\/a><\/li>\n<\/ul>\n\n<h4>Kirchen<\/h4>\n<ul>\n<li>Anfertigen von Fotos der Au\u00dfenansicht<\/li>\n<li>Bitte darauf achten, das die Fotos aus \u00f6ffentlichem Verkehrsraum gemacht werden<\/li>\n<li><a href=\"https:\/\/db-brandenburg.de\/?page_id=1686\" rel=\"noopener\" target=\"_blank\" style=\"color:darkgreen; font-size:14px;\">\u00dcbersicht der fehlenden Kirchenbilder<\/a><\/li>\n<li><a href=\"https:\/\/db-brandenburg.de\/?page_id=1536\" rel=\"noopener\" target=\"_blank\" style=\"color:darkgreen; font-size:14px;\">zur Projektseite wechseln<\/a><\/li>\n<\/ul>\n<h4>Standesamtsregister<\/h4>\n<ul>\n<li>Daten k\u00f6nnen nur vereinzelt bereit gestellt werden oder via <a href=\"https:\/\/ancestry.de\" rel=\"noopener\" target=\"_blank\">ancestry.de<\/a> (kostenpflichtiig) ausgew\u00e4hlt werden<\/li>\n<li>Die Abschrift erfolgt in der Regel direkt online. Alternativ ist nat\u00fcrlich auch Excel m\u00f6glich. <\/li>\n<li>zur Verf\u00fcgung stehen entweder gedruckte oder handschriftlich verfasste Register oder Urkunden<\/li>\n<li>teilweise stehen bereits vorhandene einfache Register zur Verf\u00fcgung die kontrolliert und erg\u00e4nzt werden m\u00fcssen<\/li>\n<li><a href=\"https:\/\/db-brandenburg.de\/?page_id=801\" rel=\"noopener\" target=\"_blank\" style=\"color:darkgreen; font-size:14px;\">zur Projektseite wechseln<\/a><\/li>\n<li><a href=\"https:\/\/db-brandenburg.de\/?page_id=801&#038;work=1\" rel=\"noopener\" target=\"_blank\" style=\"color:darkgreen; font-size:14px;\">\u00dcbersicht der Standes\u00e4mter die sich in Bearbeitung befinden<\/a><\/li>\n<\/ul>\n\n<h4>Kirchenb\u00fccher<\/h4>\n<ul>\n<li>Daten k\u00f6nnen nur vereinzelt bereit gestellt oder z.B. via <a href=\"https:\/\/ancestry.de\" rel=\"noopener\" target=\"_blank\">ancestry.de<\/a> ausgew\u00e4hlt werden<\/li>\n<li>eigener (kostenpflichtiger) Zugang zu <a href=\"https:\/\/ancestry.de\" rel=\"noopener\" target=\"_blank\">ancestry.de<\/a> oder <a href=\"https:\/\/www.archion.de\/\" rel=\"noopener\" target=\"_blank\">Archion<\/a> kann genutzt werden<\/li>\n<li>Die Abschrift erfolgt in der Regel direkt online. Alternativ ist nat\u00fcrlich auch Excel m\u00f6glich. <\/li>\n<li>Zur Verf\u00fcgung stehen in der Regel handschriftliche Unterlagen<\/li>\n<li>einzelne Register sind auch in Maschinenschrift verf\u00fcgbar<\/li>\n<li><a href=\"https:\/\/db-brandenburg.de\/?page_id=1233\" rel=\"noopener\" target=\"_blank\" style=\"color:darkgreen; font-size:14px;\">zur Projektseite wechseln<\/a><\/li>\n<\/ul>\n<h4>Genealogische Auswertungen<\/h4>\n<ul>\n<li>Erstellung von genealogischen Auswertungen in GedComForm (z.B. Ortsfamilieb\u00fccher)<\/li>\n<li>Zugang zu unserem GedCom Portal incl. einer kurzen Anleitung stellen wir gern bereit<\/li>\n<li>Alternativ auch Einsendung bereits erstellter GedCom Dateien m\u00f6glich<\/li>\n<li>sp\u00e4tere M\u00f6glichkeit zur Bearbeitung der GedCom Dateien ist nat\u00fcrlich vorhanden<\/li>\n<li>Gern k\u00f6nnen auch private Genealogien hier ver\u00f6ffentlicht werden<\/li>\n<li><a href=\"https:\/\/db-brandenburg.de\/?page_id=795\" rel=\"noopener\" target=\"_blank\" style=\"color:darkgreen; font-size:14px;\">zur Projektseite wechseln<\/a><\/li>\n<\/ul>\n<h4>Stolpersteine<\/h4>\n<ul>\n<li>Anfertigen von Fotos der verlegten Stolpersteine<\/li>\n<li>Bitte darauf achten, das m\u00f6glichst kein Laub oder Gras auf den Steinen liegt beim Fotografieren<\/li>\n<li>Bitte wenn m\u00f6glich beim Fotografieren das Geotagging aktivieren<\/li>\n<li>Mitarbeit bei der Erfassung der Genealogien<\/li>\n<li>Weiterleitung von Pressemitteilungen zur Verlegung neuer Stolpersteine<\/li>\n<li><a href=\"https:\/\/db-brandenburg.de\/?page_id=2248\" rel=\"noopener\" target=\"_blank\" style=\"color:darkgreen; font-size:14px;\">\u00dcbersicht der fehlenden Fotos<\/a><\/li>\n<li><a href=\"https:\/\/db-brandenburg.de\/?page_id=1780\" rel=\"noopener\" target=\"_blank\" style=\"color:darkgreen; font-size:14px;\">zur Projektseite wechseln<\/a><\/li>\n<\/ul>\n<h4>sonstige genealogische Literatur<\/h4>\n<ul>\n<li>Auswertung sonstiger genealogisch hilfreicher Literatur, z. B. Gemeindelexika, Stra\u00dfenverzeichnisse, Kolonistenlisten, B\u00fcrgerb\u00fccher, Landreiterberichte <\/li>\n<li><a href=\"https:\/\/db-brandenburg.de\/?page_id=765\" rel=\"noopener\" target=\"_blank\" style=\"color:darkgreen; font-size:14px;\">zur Projektseite wechseln<\/a><\/li>\n<\/ul>\n","protected":false},"excerpt":{"rendered":"<p>Wir sind ein kleines Team, das im Rahmen seiner Freizeit hier versucht m\u00f6glichst viele ausgewertete Daten zur Verf\u00fcgung zur stellen. Die meisten von uns sind auch berufst\u00e4tig, so das es nicht immer einfach ist f\u00fcr unser Hobby Zeit zu finden. Aus diesem Grund k\u00f6nnen wir auch immer weitere H\u00e4nde gebrauchen, die uns mit Ihrer Zeit &hellip; <\/p>\n<p class=\"link-more\"><a href=\"https:\/\/db-brandenburg.de\/?page_id=2074\" class=\"more-link\"><span class=\"screen-reader-text\">\u201eWir k\u00f6nnen Hilfe gebrauchen &#8211; Wie kann ich mitmachen ???\u201c <\/span>weiterlesen<\/a><\/p>\n","protected":false},"author":1,"featured_media":0,"parent":0,"menu_order":0,"comment_status":"closed","ping_status":"closed","template":"","meta":{"footnotes":""},"class_list":["post-2074","page","type-page","status-publish","hentry"],"_links":{"self":[{"href":"https:\/\/db-brandenburg.de\/index.php?rest_route=\/wp\/v2\/pages\/2074","targetHints":{"allow":["GET"]}}],"collection":[{"href":"https:\/\/db-brandenburg.de\/index.php?rest_route=\/wp\/v2\/pages"}],"about":[{"href":"https:\/\/db-brandenburg.de\/index.php?rest_route=\/wp\/v2\/types\/page"}],"author":[{"embeddable":true,"href":"https:\/\/db-brandenburg.de\/index.php?rest_route=\/wp\/v2\/users\/1"}],"replies":[{"embeddable":true,"href":"https:\/\/db-brandenburg.de\/index.php?rest_route=%2Fwp%2Fv2%2Fcomments&post=2074"}],"version-history":[{"count":38,"href":"https:\/\/db-brandenburg.de\/index.php?rest_route=\/wp\/v2\/pages\/2074\/revisions"}],"predecessor-version":[{"id":2478,"href":"https:\/\/db-brandenburg.de\/index.php?rest_route=\/wp\/v2\/pages\/2074\/revisions\/2478"}],"wp:attachment":[{"href":"https:\/\/db-brandenburg.de\/index.php?rest_route=%2Fwp%2Fv2%2Fmedia&parent=2074"}],"curies":[{"name":"wp","href":"https:\/\/api.w.org\/{rel}","templated":true}]}}